ed by 13 + 2*(-3)/6?
9
Let n(k) = 3*k**2 - 39*k - 1048. Calculate the remainder when n(-42) is divided by 27.
23
Let r be 2/(4 - 175/42). What is the remainder when 155 is divided by r/(-3) - (1 + -13)?
11
Let w = 304 + -291. Let c(g) be the first derivative of g**4/4 - 13*g**3/3 + g**2/2 - 7*g - 1. Calculate the remainder when 10 is divided by c(w).
4
Let y(n) = 134*n + 437. What is the remainder when 3714 is divided by y(-2)?
165
Let l(k) = -126*k - 1. Suppose -582 + 204 = -179*a + 158*a. Calculate the remainder when l(-2) is divided by a.
17
Suppose -2*q = -4 + 26. Let a = -7164 - -7249. Calculate the remainder when a is divided by (q/(-2))/((-1)/(-4)).
19
Suppose 5*g + 64 - 164 = 0. Suppose -440*u = -77*u - 13284 - 43344. Calculate the remainder when u is divided by g.
16
Let r(b) = 21*b**2 - 87*b + 559. Calculate the remainder when r(7) is divided by 35.
34
Let b(y) = 14*y**2 - 12*y - 1. Let i(u) = 3*u - 20. What is the remainder when b(3) is divided by i(17)?
27
Let l = -126 + 125. Let a be l/(-4)*4*-3. Let u(b) = -11*b + 8. Calculate the remainder when 158 is divided by u(a).
35
Suppose 3*m - 6536 = 5*i, 81*m + 8722 = 85*m - 3*i. What is the remainder when m is divided by 78?
76
Let w = 103 - 103. Suppose w = 4*f - 16, z = -3*z - 3*f + 632. Suppose -z = 17*n - 22*n. Calculate the remainder when n is divided by 22.
9
Suppose 18 = -2*b + 4*b - 4*k, -k + 23 = 5*b. Suppose -3*d - 18 = -42. Calculate the remainder when (b/15)/(3/171) is divided by d.
3
Suppose z = -5*y - 4*z + 10, 0 = 4*y + 3*z - 6. Suppose -8*o + 13*o - 75 = y. Calculate the remainder when 87 is divided by o.
12
Let m = -2898 - -2970. Calculate the remainder when 79 is divided by m.
7
Suppose 0*m - 6 = 3*l - 3*m, 14 = -3*l + 5*m. Let b(y) = 7*y**3 + 10*y - 20. What is the remainder when 111 is divided by b(l)?
55
Suppose -3*c + 132 = -183. Let l = c + -64. Calculate the remainder when 7/(-2)*(-23)/((-2576)/(-6464)) is divided by l.
38
Let k = -2110 - -2159. Let o(u) = u**3 - 12*u**2 + 5*u - 3. Calculate the remainder when o(12) is divided by k.
8
Calculate the remainder when -2161*6/(-6) + (-6)/(-6) + -4 is divided by 17.
16
Let h be (-2158)/8 - (-26)/(-104). What is the remainder when 615 is divided by h/(-324) + 457/6?
76
Suppose -3*m + 295 - 268 = 0. Suppose -4*u - 40 = -m*u. Suppose -17 - 183 = -u*z. Calculate the remainder when 73 is divided by z.
23
Let b be ((-1)/(-3))/(-7 + (-208)/(-30)). Calculate the remainder when ((-1)/3)/((-5)/75) is divided by (-2)/(-15)*-3 - 12/b.
1
Suppose v = 3*n - 334, -188*n + 3*v = -185*n - 324. Calculate the remainder when 333 is divided by n.
107
Let q be 2/9 - 20776/(-63). Let t = q + -192. Calculate the remainder when t is divided by 5.
3
Suppose 114*t = 47*t + 54471. Calculate the remainder when t is divided by 156.
33
Let w = -122 - -251. Suppose 20*y - w - 11 = 0. Let j = -6 + 22. What is the remainder when j is divided by y?
2
Suppose 5*f - 12608 = 4*i, 27*f = 25*f + 5*i + 5067. What is the remainder when f is divided by 18?
14
Let t be ((-26)/(-10) + 1)/((-16)/80). Let p(o) = -22*o**2 - o. Let r be p(-1). Let s = t - r. What is the remainder when 3 is divided by s?
0
Suppose 66*t - 58*t - 104 = 0. Suppose -t*x - 44 = -174. Calculate the remainder when 238 is divided by x.
8
Let u = 23846 + -23825. Calculate the remainder when 12303 is divided by u.
18
Let h be -15*(22/(-10) + 2). Let z(g) = -g + 7. Let i be z(h). Calculate the remainder when 2616/104 + i/(-26) is divided by 7.
4
Suppose 5*d - 40 = 3*y, 2*d + 3*d - 5 = -4*y. What is the remainder when 273 is divided by -6 + 85/d + 0?
9
Suppose -1443 = -78*o + 1209. Calculate the remainder when 69 is divided by o.
1
Suppose 21899 = 60*q - 5161. What is the remainder when q is divided by 15?
1
Let d = 739 + -733. What is the remainder when 48 is divided by 108/(-24)*((-40)/d - -2)?
6
Let r be (-6)/3*(-1145)/(-10). Let b = r + 258. Calculate the remainder when 76 is divided by b.
18
Let r = -7104 + 12574. Calculate the remainder when r is divided by 238.
234
Let f(z) = -z - 20. Let v be f(-18). Let t be 190 - (-1 - -3 - v). Let u = 275 - t. Calculate the remainder when u is divided by 15.
14
Let v(s) = -1002*s + 4034. Calculate the remainder when 338 is divided by v(4).
0
Let x be (6/4)/3 - 339/(-6). Let c = x + -40. Suppose 19 = 2*b - c. Calculate the remainder when 49 is divided by b.
13
Let q = 32 + -29. Suppose -q*c = 3*n + 18, 8 = 3*c - 7*c. What is the remainder when (n + 4 + -1)*-9 is divided by 4?
1
Suppose 6*a = -9 + 21. Let p = 10 - 8. What is the remainder when 51 is divided by a*p/(-12) - 328/(-12)?
24
Let q(w) = 5*w + 157. Let m be q(-31). Calculate the remainder when 125 is divided by m + -4 - (-205)/5.
8
Let o(r) = 59*r - 210. What is the remainder when 844 is divided by o(5)?
79
Let a be 2 - 100/(-55) - 2/(-11). What is the remainder when 17 is divided by -2*(125/30 - a)*-18?
5
Let i(r) = -r**3 + 11*r**2 - 28*r - 295. What is the remainder when i(-11) is divided by 668?
3
Let o = 18 - 18. Suppose o = 21*d - 283 + 52. What is the remainder when 37 is divided by d?
4
Suppose -2*c = g - 119, -5*c + 15 = 2*g - 284. Calculate the remainder when (9/1)/((-132)/(-7128)) is divided by c.
59
Suppose 3*j - 3*c - 12 = 0, 3*j + j - 5*c = 17. Suppose 48 = j*s - 3. Suppose -u + 3*u = 3*y - s, -5*u + 20 = 5*y. What is the remainder when 5 is divided by y?
0
Suppose -124 - 254 = -6*b. Suppose -b = 77*a - 86*a. Calculate the remainder when 49 is divided by a.
0
Suppose -1014 - 1119 = -9*a. Let r(t) = -t**3 - 12*t**2 - 18*t - 70. Calculate the remainder when a is divided by r(-11).
6
Let p(x) = -10568*x - 242900. Suppose 4*k - 3*n - 58 - 39 = 0, 4*n = -4*k + 104. Calculate the remainder when p(-23) is divided by k.
14
Let l = 736 + -478. What is the remainder when l is divided by (-6)/((-180)/(-25)) - (-830)/60?
11
Suppose n = 50*y - 45*y - 5, -2*y = 5*n - 137. Let f(w) = 3*w**3 - 5*w**2 - 2. Calculate the remainder when f(4) is divided by n.
10
Suppose -507 = 2*z - 41*z. Let d(o) = -o**2 - 2*o + 6. Let x be d(-3). Let m(t) = 23*t - 7. What is the remainder when m(x) is divided by z?
10
Suppose -a - 45*x + 312 = -41*x, 0 = -x - 6. What is the remainder when 336 is divided by a?
0
What is the remainder when 1230 is divided by (9/(108/(-1852)))/(-5 + (-42)/(-9))?
304
Suppose 30*z - 4188 = 552. What is the remainder when z is divided by 36?
14
Let d = -300 + 697. Let y = -230 + d. Suppose -7*x - 6 = -y. What is the remainder when 66 is divided by x?
20
Let y = -155 + 238. Suppose 4 = 4*p - 16. Suppose -3*b = -p*b + 84. Calculate the remainder when y is divided by b.
41
Let r(f) be the second derivative of 7*f**3/6 - 56*f**2 + 141*f. Calculate the remainder when 55 is divided by r(20).
27
Suppose 11355*j = 11349*j + 1308. Calculate the remainder when j is divided by 86.
46
Let n(v) = -28*v**2 - 1 + 12*v**2 - 22*v - 8 + 13*v**2. Suppose 0 = -2*y - 3*y + 45. Calculate the remainder when n(-6) is divided by y.
6
Let u(s) = -28*s - 3. Let l(w) = 26*w**2 + 187*w - 741. Calculate the remainder when l(4) is divided by u(-2).
52
Let h(q) = -12*q**2 + 10*q**2 - 4*q - q**2 + 21 + 5*q**2. Suppose -22 = -8*p + 10. What is the remainder when 108 is divided by h(p)?
34
Calculate the remainder when 1259 is divided by 1*(-1 - -141) + 4 + -2.
123
Let p(o) = -2*o**3 + 39*o**2 - 26*o + 9. Let k be p(18). Let s = k - 364. What is the remainder when s is divided by 25?
24
Let y(v) = 443*v**3 + 5*v**2 - 64*v + 59. Calculate the remainder when 921 is divided by y(1).
35
Let s(p) = -p**3 + 49*p**2 + 330*p + 34. Calculate the remainder when 1834 is divided by s(-6).
32
Suppose -2 = 5*n + 2*u, 3*n + 1 = 2*n - u. Let p = 159 + -93. Suppose -5*k + 2*k + p = n. What is the remainder when 108 is divided by k?
20
Let y be (-2)/6 - 28/42. Suppose -12 = 3*n - 5*n. What is the remainder when -2*((-84)/8 + y) is divided by n?
5
Suppose 0 = -5*w + 4*k - 172 + 309, 15 = -5*k. Let u = -76 + 159. What is the remainder when u is divided by w?
8
Let o = 214 + -10. Calculate the remainder when o is divided by 1/(1*(-7)/(-287)).
40
Let d(m) = -2*m + 4. Let z(f) = -f**2 + 9*f - 16. Let c(g) = -9*d(g) - 2*z(g). Let x be c(2). Calculate the remainder when 61 is divided by 8/(16/x) - (-42)/2.
15
Suppose 3*h - l - 5673 = 0, -80*l +